{"id":4412,"date":"2011-02-12T09:26:20","date_gmt":"2011-02-12T08:26:20","guid":{"rendered":"http:\/\/www.alpavista.ch\/Alp11\/"},"modified":"2020-12-25T01:29:08","modified_gmt":"2020-12-25T00:29:08","slug":"alpavista-version-4xx","status":"publish","type":"page","link":"https:\/\/alpavista.ch\/Alp11\/alpavista\/alpavista-version-4xx\/","title":{"rendered":"AlpAvistA version 4.xx"},"content":{"rendered":"<p><strong>Historique des mises \u00e0 jour du site<\/strong> (12.2010 &#8211; 12.2013)<\/p>\n<p><img decoding=\"async\" alt=\"Page d'accueil de la version 4\" src=\"https:\/\/www.alpavista.ch\/Alp11\/wp-content\/uploads\/Images_Site\/vig_alpavista_4.jpg\" align=\"right\" \/><br \/>\n<a href=\"https:\/\/www.alpavista.ch\/Alp11\/alpavista\/alpavista-version-1xx\/\">Historique de la version 1<\/a><br \/>\n<a href=\"https:\/\/www.alpavista.ch\/Alp11\/alpavista\/alpavista-version-2xx\/\">Historique de la version 2<\/a><br \/>\n<a href=\"https:\/\/www.alpavista.ch\/Alp11\/alpavista\/alpavista-version-3xx\/\">Historique de la version 3<\/a><br \/>\nHistorique de la version 4<br \/>\n<a href=\"https:\/\/www.alpavista.ch\/Alp11\/alpavista\/alpavista-version-5xx\/\">Historique de la version 5<\/a><br \/>\n<a href=\"https:\/\/www.alpavista.ch\/Alp11\/alpavista\/alpavista-version-6xx\/\">Historique de la version 6<\/a><br \/>\n<a href=\"https:\/\/www.alpavista.ch\/Alp11\/alpavista\/alpavista-version-7-xx\/\">Historique de la version 7<\/a><\/p>\n<p>&nbsp;<\/p>\n<p>&nbsp;<\/p>\n<p><em><strong>Three Seven One<\/strong> <\/em>(30.10.2013 &#8211; v.4.98)<br \/>\n&#8211; small 3.7 WP update.<\/p>\n<p><em><strong>Three Six<\/strong> <\/em>(25.10.2013 &#8211; v.4.97)<br \/>\n&#8211; mise \u00e0 jour sans souci vers WordPress 3.7<\/p>\n<p><em><strong>Three Six One<\/strong> <\/em>(12.09.2013 &#8211; v.4.96)<br \/>\n&#8211; first 3.6 WP update.<\/p>\n<p><em><strong>Three Six<\/strong> <\/em>(02.08.2013 &#8211; v.4.95)<br \/>\n&#8211; lourde mise \u00e0 jour vers WordPress 3.6<\/p>\n<p><em><strong>Three Point Five Two<\/strong> <\/em>(22.06.2013 &#8211; v.4.93)<br \/>\n&#8211; second minor 2013 WP update.<\/p>\n<p><em><strong>Three Point Five One<\/strong> <\/em>(24.01.2013 &#8211; v.4.92)<br \/>\n&#8211; first and minor 2013 WP update.<\/p>\n<p><em><strong>NGG 199<\/strong> <\/em>(18.12.2012 &#8211; v.4.91)<br \/>\n&#8211; mise \u00e0 jour du plugin NextGen Gallery (vers. 1.9.9.)<br \/>\n&#8211; les probl\u00e8mes de compatibilit\u00e9 avec WP 3.5 sont d\u00e9sormais r\u00e9gl\u00e9s. Belle r\u00e9activit\u00e9 ! Merci.<\/p>\n<p><em><strong>Three Point Five<\/strong> <\/em>(13.12.2012 &#8211; v.4.90)<br \/>\n&#8211; mise \u00e0 jour importante et un peu cahotique (Erreur : PHP Warning: Missing argument 2 for wpdb::prepare().)<br \/>\n&#8211; en attendant que certains auteurs de plugins rendent leur b\u00e9b\u00e9 compatible avec les nouveaux standards WP35, j&rsquo;ai mis en place une solution radicale : le non-affichage des erreurs [@ini_set(&lsquo;display_errors&rsquo;, 0);]<\/p>\n<p><em><strong>Three Point Four Two<\/strong> <\/em>(09.09.2012 &#8211; v.4.82)<br \/>\n&#8211; welcome to the WP 3.4.2<\/p>\n<p><em><strong>Three Point Four One<\/strong> <\/em>(28.06.2012 &#8211; v.4.81)<br \/>\n&#8211; mini, mini, mini mise \u00e0 jour de WP vers la 3.4.1<\/p>\n<p><em><strong>Three Four<\/strong> <\/em>(14.06.2012 &#8211; v.4.80)<br \/>\n&#8211; importante mise \u00e0 jour vers WordPress 3.4 Green<\/p>\n<p><em><strong>Three Three Two<\/strong> <\/em>(21.04.2012 &#8211; v.4.71)<br \/>\n&#8211; Update de WP vers la 3.3.2<\/p>\n<p><em><strong>PHP 5.3<\/strong> <\/em>(08.02.2012 &#8211; v.4.70)<br \/>\n&#8211; Transfert du site sur un serveur PHP 5.3.<br \/>\n&#8211; WP et tous ses plugins semblent avoir bien dig\u00e9rer cette update ascendant et n\u00e9anmoins non \u00ab\u00a0full\u00a0\u00bb compatible.<\/p>\n<p><em><strong>Three Three One<\/strong> <\/em>(05.01.2012 &#8211; v.4.62)<br \/>\n&#8211; Small update de WP vers la 3.3.1<br \/>\n&#8211; No Problem ! As Usual.<\/p>\n<p><em><strong>YARPP<\/strong> <\/em>(12.12.2011 &#8211; v.4.61)<br \/>\n&#8211; Petite incompatibili\u00e9 de fonctionnement entre le plug-in [Yet Another Related Posts Plugin] et WP3.3<br \/>\n&#8211; Rapide et efficace r\u00e9action du d\u00e9veloppeur avec la mise en service d&rsquo;une version 3.4.2.2. Good job, thank&rsquo;s guy !<\/p>\n<p><em><strong>Three Point Three<\/strong> <\/em>(12.12.2011 &#8211; v.4.60)<br \/>\n&#8211; Troisi\u00e8me \u00ab grosse \u00bb update de WP vers la 3.3<br \/>\n&#8211; Le site semble bien fonctionner, m\u00eame si une petite \u00ab\u00a0r\u00e9unification\u00a0\u00bb des diff\u00e9rentes versions des librairies JQuery m\u00e9riterait d&rsquo;\u00eatre \u00e9tudi\u00e9e.<\/p>\n<p><em><strong>\u2020 RIP abergement.ch \u2020<\/strong> <\/em>(31.08.2011 &#8211; v.4.50)<br \/>\n&#8211; D\u00e9placement de l&rsquo;int\u00e9gralit\u00e9 du site, en catastrophe, pour pallier \u00e0 la soudaine d\u00e9fection de mon fid\u00e8le h\u00e9bergeur, qui met brutalement fin \u00e0 ses activit\u00e9s apr\u00e8s 12 ans de bons et loyaux services &#8230;<br \/>\n&#8211; R\u00e9-Upload du contenu (~1Gb). R\u00e9-importation de la base de donn\u00e9es &#8230; Et tout semble fonctionner sans r\u00e9installation, ni du coeur de WP, ni d&rsquo;aucun plugin. WordPress me sid\u00e8re chaque jour un peu plus !<\/p>\n<p><em><strong>Three Two One&#8230;<\/strong> <\/em>(14.07.2011 &#8211; v.4.41)<br \/>\n&#8211; Mise \u00e0 jour mineure de WP.3.2 vers WP.3.2.1<\/p>\n<p><em><strong>Three Point Two<\/strong> <\/em>(05.07.2011 &#8211; v.4.40)<br \/>\n&#8211; Deuxi\u00e8me \u00ab grosse \u00bb update de WP vers la 3.2<br \/>\n&#8211; Mode automatique un peu flippant, en raison d&rsquo;une mise \u00e0 jour de la base de donn\u00e9e rest\u00e9e bloqu\u00e9e&#8230; mais finalement tout se termine bien. Le site semble fonctionner correctement et aucune extension ne pose probl\u00e8me.<\/p>\n<p><em><strong>+1 Google<\/strong> <\/em>(29.06.2011 &#8211; v.4.37)<br \/>\n&#8211; Ajout du bouton +1 de Google dans la page et mise \u00e0 jour WP 3.1.4 [Post]<\/p>\n<p><em><strong>Three One Three<\/strong> <\/em>(26.05.2011 &#8211; v.4.36)<br \/>\n&#8211; Small Update to WP 3.1.3. Easy, what else ?<\/p>\n<p><em><strong>Three One Two<\/strong> <\/em>(27.04.2011 &#8211; v.4.35)<br \/>\n&#8211; Small Update to WP 3.1.2. No Problems, As Usual.<\/p>\n<p><em><strong>Three One One<\/strong> <\/em>(06.04.2011 &#8211; v.4.34)<br \/>\n&#8211; Mise \u00e0 jour mineure de WP vers la 3.1.1.<\/p>\n<p><em><strong>Cache Pas Glop &amp; Homepage Bis.<\/strong> <\/em>(31.03.2011 &#8211; v.4.33)<br \/>\n&#8211; apr\u00e8s un gros bug du syst\u00e8me de cache, l&rsquo;option \u00ab\u00a0Va de retro Satanas\u00a0\u00bb est appliqu\u00e9e au plugin [W3 Total Cache]. R\u00e9sultat : un affichage plus lent, mais un site plus stable.<br \/>\n&#8211; dans la foul\u00e9e, le plugin [Better Tag Cloud], finalement peu utile, passe aussi \u00e0 la trappe. La phase d&rsquo;amincissement d&rsquo;AlpA 4 aurait-elle d\u00e9j\u00e0 commenc\u00e9 ?<br \/>\n&#8211; r\u00e9am\u00e9nagement de la colonne lat\u00e9rale du blog [Carnet] avec reprise des rubriques de la page d&rsquo;accueil pour la calquer sur celle de feue la version 3.xx. Du coup, le Carnet peut parfaitement fonctionner comme page d&rsquo;accueil bis pour ceux qui pr\u00e9f\u00e8rent un affichage chronologique des articles.<\/p>\n<p><em><strong>Charity begins at home &#8230;<\/strong> <\/em>(08.03.2011 &#8211; v.4.32)<br \/>\n&#8211; r\u00e9organisation des galeries de photos consacr\u00e9es au ski par ann\u00e9es. Encore un nouveau travail de mise \u00e0 jour pour les robots de Google.<\/p>\n<p><em><strong>Four Three One = Gold<\/strong> <\/em>(25.02.2011 &#8211; v.4.31)<br \/>\n&#8211; mise \u00e0 jour ultra-rapide du plug-in [Fast Secure Contact Form].<br \/>\n&#8211; tout fonctionne d\u00e9sormais parfaitement. La 4.31 sera donc la premi\u00e8re version \u00ab\u00a0gold\u00a0\u00bb ou finale d&rsquo;AlpA mill\u00e9sime 4.<\/p>\n<p><em><strong>Beta or not Beta<\/strong> <\/em>(24.02.2011 &#8211; v.4.30)<br \/>\n&#8211; mise \u00e0 jour majeure de WP 3.0x vers WP 3.1 pour le premier mill\u00e9sime AlpA4 pouvant aspir\u00e9 au t\u00eetre de non-b\u00eata.<br \/>\n&#8211; apr\u00e8s quelques t\u00e2tonnements, j&rsquo;optre pour la d\u00e9sactivation provisoire du plugin [Fast Secure Contact Form] qui semble incompatible avec WP31.<\/p>\n<p><em><strong>Simple RSS Feeds<\/strong> <\/em>(14.02.2011 &#8211; v.4.26)<br \/>\n&#8211; petit \u00ab\u00a0hack\u00a0\u00bb du widget [Simple RSS Feeds] pour supprimer la fontction de texte d&rsquo;intro et les fils RSS par d\u00e9faut.<br \/>\n&#8211; la cure d&rsquo;amaigrissement et d&rsquo;optimisation du code se poursuit.<\/p>\n<p><em><strong>Optimisation<\/strong><\/em> (11.02.2011 &#8211; v.4.25)<br \/>\n&#8211; \u00e9puration des fonctions et des scripts inutilis\u00e9s dans les fichiers php du th\u00e8me Magic Tesigner.<br \/>\n&#8211; suppression des feuilles CSS non utilis\u00e9es par le th\u00e8me \u00ab\u00a0hack\u00e9\u00a0\u00bb<br \/>\n&#8211; suppression des brouillons et des r\u00e9visions stock\u00e9s dans la base de donn\u00e9es gr\u00e2ce au plugin [Delete-Revision]<br \/>\n&#8211; correction du fichier wp_config.php pour emp\u00eacher la recr\u00e9ation future de copies de s\u00e9curit\u00e9.<br \/>\ndefine( &lsquo;AUTOSAVE_INTERVAL&rsquo;, 900 ); \/\/ 60= 1 HOUR.<br \/>\ndefine (&lsquo;WP_POST_REVISIONS&rsquo;, 0); \/\/ TURN OFF POST REVISIONS.<br \/>\n&#8211; optimisation et contr\u00f4le du code des pages principales via les sites HTML validator (validator.w3.org) et CSS validator (jigsaw.w3.org)<\/p>\n<p><em><strong>Social<\/strong><\/em> (10.02.2011 &#8211; v.4.24)<br \/>\n&#8211; remise en service du widget \u00ab\u00a0rEzO sOciO\u00a0\u00bb dans la sidebar \u00ab\u00a0Blog\u00a0\u00bb<\/p>\n<p><em><strong>Pages<\/strong><\/em> (09.02.2011 &#8211; v.4.23)<br \/>\n&#8211; remise en service et configuration CSS du plugin [WP Page Numbers] dans les modules \u00ab\u00a0Blog\u00a0\u00bb, \u00ab\u00a0Archives\u00a0\u00bb et \u00ab\u00a0Recherche\u00a0\u00bb<\/p>\n<p><em><strong>Three Zero Five<\/strong><\/em> (07.02.2011 &#8211; v.4.22)<br \/>\n&#8211; mise \u00e0 jour mineure et &#8230; sans souci. As Usual With WP.<\/p>\n<p><em><strong>Asides<\/strong><\/em> (06.02.2011 &#8211; v.4.21)<br \/>\n&#8211; installation du plugin [SideBlogging] pour rajouter des br\u00e8ves hors du fil principal et hors chroniques.<br \/>\n&#8211; apr\u00e8s quelques tat\u00f4nnements, je choisis d&rsquo;abandonner le widget original de [SideBlogging] pour coupler le plugin avec [Most Recent Posts Mod], qui semble compatible, et qui offre beacoup plus d&rsquo;options pour l&rsquo;affichage. Le mix semble fonctionner.<br \/>\n&#8211; la rubrique \u00ab\u00a0en brEf et en vrAc\u00a0\u00bb est n\u00e9e et directement int\u00e9gr\u00e9e au \u00ab\u00a0bottom\u00a0\u00bb de la page d&rsquo;accueil \u00e0 la place du \u00ab\u00a0Ale&rsquo;Articles\u00a0\u00bb peu utile \u00e0 cet endroit.<\/p>\n<p><em><strong>MonoSlideshow<\/strong><\/em> (05.02.2011 &#8211; v.4.20)<br \/>\n&#8211; r\u00e9installation d\u00e9finitive du module flash [MonoSlideshow] coupl\u00e9 avec le plugin [NextGEN Monoslideshow] pour sa gestion.<br \/>\n&#8211; cr\u00e9ation d&rsquo;une galerie de photos panoramiques et int\u00e9gration du SlideShow dans une page fullwidth appel\u00e9e \u00ab\u00a0Grand-Angle\u00a0\u00bb<br \/>\n&#8211; remplacement permanent du SlideShow original de NGG avec MonoSlideShow et ajout d&rsquo;un mini slideshow d&rsquo;images al\u00e9atoires dans la sidebar par d\u00e9faut.<\/p>\n<p><em><strong>FullWidth Template Page<\/strong><\/em> (04.02.2011 &#8211; v.4.19)<br \/>\n&#8211; cr\u00e9ation d&rsquo;un nouveau template de page, fullwidth, qui, comme son nom l&rsquo;indique, ne comporte pas de SideBars.<br \/>\n&#8211; reconfiguration des pages \u00ab\u00a0Archives\u00a0\u00bb, \u00ab\u00a0Contact\u00a0\u00bb et \u00ab\u00a0Infos\u00a0\u00bb pour qu&rsquo;elles fonctionnent avec ce nouveau template.<\/p>\n<p><em><strong>Fast And Secure<\/strong><\/em> (01.02.2011 &#8211; v.4.18)<br \/>\n&#8211; installation des plugins [WP Security Scan] et [W3 Total Cache]<br \/>\n&#8211; le premier me permet de s\u00e9curiser quelques failles de configuration et d&rsquo;installer les .htaccess qui vont bien.<br \/>\n&#8211; le second booste le site d&rsquo;une mani\u00e8re tout \u00e0 fait bluffante.<br \/>\nGood Job Guys !<\/p>\n<p><em><strong>Home Sweet Home<\/strong><\/em> (29.01.2011 &#8211; v.4.17)<br \/>\n&#8211; r\u00e9\u00e9criture de la page d&rsquo;entr\u00e9e [http:\/\/www.alpavista.ch\/] et int\u00e9gration du superbe script [Roll Over Multiple] pour g\u00e9rer l&rsquo;affichage de plusieurs images couleurs, lors du survol de l&rsquo;image d&rsquo;entr\u00e9e par la souris. Pour ceux que \u00e7a int\u00e9resse, le script de base se trouve <a href=\"http:\/\/www.biblioscript.com\/javascript\/img_roll_mult.shtml\" target=\"_blank\" rel=\"noopener\"> l\u00e0 <\/a><\/p>\n<p><em><strong>Admin Tools<\/strong><\/em> (25.01.2011 &#8211; v.4.16)<br \/>\n&#8211; installation du plugin [Reveal IDs] pr\u00e9cieux pour la configuration de certains widgets gr\u00e2ce aux indications cach\u00e9es qu&rsquo;il r\u00e9v\u00e8le \u00e0 l&rsquo;Admin.<br \/>\n&#8211; installation du plugin [Maintenance Mode] qui permet de mettre hors-ligne le site pour les visiteurs en le laissant accessible \u00e0 l&rsquo;Admin.<\/p>\n<p><em><strong>Infos<\/strong><\/em> (21.01.2011 &#8211; v.4.15)<br \/>\n&#8211; r\u00e9\u00e9criture de la page d&rsquo;infos du site.<\/p>\n<p><em><strong>Contact<\/strong><\/em> (20.01.2011 &#8211; v.4.14)<br \/>\n&#8211; installation du plugin [Fast Secure Contact Form] pour g\u00e9rer l&rsquo;envoi de messages de la part des visiteurs.<br \/>\n&#8211; simple, rapide et bien s\u00e9curis\u00e9 gr\u00e2ce \u00e0 son CAPTCHA et \u00e0 sa liaison avec Akismet.<br \/>\n&#8211; cr\u00e9ation de la page du formulaire de contact correspondante.<\/p>\n<p><em><strong>Google<\/strong><\/em> (17.01.2011 &#8211; v.4.13)<br \/>\n&#8211; insertion \u00ab\u00a0en dur\u00a0\u00bb du nouveau code asynchrone pour Google Analytics, le syst\u00e8me de statistique de Google.<br \/>\n&#8211; installation du plugin [Google XML Sitemaps] pour la g\u00e9n\u00e9ration et l&rsquo;envoi vers les diff\u00e9rents moteurs de recherche du \u00ab\u00a0sitemap\u00a0\u00bb apr\u00e8s chaque nouvelle parution.<br \/>\n&#8211; cr\u00e9ation d&rsquo;une compte \u00ab\u00a0Alp11\u00a0\u00bb dans les page d&rsquo;outils pour webmasters de Google.<br \/>\n&#8211; mise en ligne d&rsquo;un .htacces url rewriting dans le dossier Alp09 pour renvoyer de mani\u00e8re permanente les requ\u00eates vers Alp11, tout en conservant la structure des permaliens.<br \/>\n&#8211; Apr\u00e8s avoir disparu des index de Google au d\u00e9but d\u00e9cembre 2010, AlpAvistA revient plus fort qu&rsquo;avant. Les premiers Google Ranks sont tr\u00e8s prometteurs.<\/p>\n<p><em><strong>Thumbnail Images<\/strong><\/em> (12-13-14.01.2011 &#8211; v.4.12)<br \/>\n&#8211; fabrication de nouvelles \u00ab\u00a0Images \u00e0 la une\u00a0\u00bb (464&#215;464 pixels), int\u00e9gration automatis\u00e9e dans la bibilioth\u00e8que de m\u00e9dias via le plugin [Add From Server], r\u00e9affectation aux articles concern\u00e9s et suppression des anciennes \u00ab\u00a0Thumbnail Images\u00a0\u00bb attach\u00e9es par l&rsquo;ancien th\u00e8me WP27.<br \/>\n&#8211; travail fastidieux mais n\u00e9cessaire !!<\/p>\n<p><em><strong>Index, Archives &amp; Co<\/strong><\/em> (10.01.2011 &#8211; v.4.11)<br \/>\n&#8211; cr\u00e9ation d&rsquo;une sidebar \u00ab\u00a0IndexSideBar\u00a0\u00bb pour compl\u00e9ter la page TOC Index avec les Archives Mensuelles [WP Archives Widget]<br \/>\n&#8211; rebapt\u00eame de la page \u00ab\u00a0Index\u00a0\u00bb par \u00ab\u00a0Archives\u00a0\u00bb<\/p>\n<p><em><strong>Sidebars<\/strong><\/em> (07.01.2011 &#8211; v.4.10)<br \/>\n&#8211; cr\u00e9ation d&rsquo;une sidebar \u00ab\u00a0BlogSideBar\u00a0\u00bb pour le \u00ab\u00a0Carnet\u00a0\u00bb, contenant : lAst shOOts [NextGEN widget], les plUs lUs [Recently Popular Widget] et AlpA&rsquo;tAgs [Better Tags Cloud Widget]<br \/>\n&#8211; cr\u00e9ation d&rsquo;une sidebar \u00ab\u00a0PostSideBar\u00a0\u00bb pour les pages \u00ab\u00a0single.php\u00a0\u00bb qui affichent l&rsquo;article en entier, contenant : billEts cOnnExes [Related Posts YARPP Widget] et billEts A succEs [Recently Popular Widget]<\/p>\n<p><em><strong>Youtube<\/strong><\/em> (06.01.2011 &#8211; v.4.09)<br \/>\n&#8211; installation du plug-in [Smart Youtube] et ouverture d&rsquo;un compte <a href=\"http:\/\/www.youtube.com\/user\/AlpAvistA11\" target=\"_blank\" rel=\"noopener\"> Youtube <\/a> pour la mise en ligne du diaporama de Jeannot sous sa forme de vid\u00e9o r\u00e9duite.<br \/>\n&#8211; ouverture d&rsquo;un compte <a href=\"http:\/\/www.divshare.com\" target=\"_blank\" rel=\"noopener\"> DivShare <\/a> pour le stockage du diapo original avec possibilit\u00e9 de \u00ab\u00a0Direct Download\u00a0\u00bb.<\/p>\n<p><em><strong>Sidebar SideBar<\/strong><\/em> (06.01.2011 &#8211; v.4.08)<br \/>\n&#8211; cr\u00e9ation d&rsquo;une sidebar \u00ab\u00a0SideBar\u00a0\u00bb par d\u00e9faut, contenant : une phOtO au hAsArd [NextGEN Slideshow Widget] et un ArticlE au hAsArd [Ajax Random Post Widget]<br \/>\n&#8211; cette sidebar est affich\u00e9e avec toutes les pages qui n&rsquo;ont pas leur sidebar personnalis\u00e9e.<\/p>\n<p><em><strong>Blog &amp; Admin<\/strong><\/em> (05.01.2010 &#8211; v.4.07)<br \/>\n&#8211; cr\u00e9ation de la page \u00ab\u00a0Carnet\u00a0\u00bb pour rajouter au site un volet \u00ab\u00a0Blog\u00a0\u00bb \u00e0 l&rsquo;ancienne.<br \/>\n&#8211; r\u00e9installation du plugin [Ozh&rsquo; Admin Drop Down Menu] pour reconfigurer l&rsquo;interface d&rsquo;administration \u00e0 mon go\u00fbt.<\/p>\n<p><em><strong>Index &amp; TOC<\/strong><\/em> (3.01.2011 &#8211; v.4.06)<br \/>\n&#8211; installation du plugin \u00ab\u00a0AZ-Index\u00a0\u00bb et cr\u00e9ation des pages \u00ab\u00a0Escapades\u00a0\u00bb et \u00ab\u00a0Chroniques\u00a0\u00bb<br \/>\n&#8211; installation du plugin \u00ab\u00a0Table Of Content Creator\u00a0\u00bb et cr\u00e9ation de la page Index (qui deviendra finalement Archives)<\/p>\n<p><em><strong>Three Zero Four<\/strong><\/em> (29.12.2010 &#8211; v.4.05)<br \/>\n&#8211; mise \u00e0 jour mineure [WP 3.04] qui comble quelques failles de s\u00e9curit\u00e9.<br \/>\n&#8211; ouverture d&rsquo;un compte <a href=\"http:\/\/twitterfeed.com\/\" target=\"_blank\" rel=\"noopener\">TwitterFeed<\/a> charg\u00e9 de diffuser automatiquement les nouveaux articles sur les r\u00e9seaux FaceBook &amp; Twitter.<\/p>\n<p><em><strong>Home Hack &amp; Config<\/strong><\/em> (26.12.2010 &#8211; v.4.04)<br \/>\n&#8211; gros hack du th\u00e8me Magic pour ins\u00e9rer la rubrique \u00ab\u00a0A la une\u00a0\u00bb via le widget [Advanced Recent Posts].<br \/>\n&#8211; cr\u00e9ation d&rsquo;une sidebar \u00ab\u00a0HomeSideBox\u00a0\u00bb et int\u00e9gration par codage en dur dans le ficher main.php. :-( (je sais ce n&rsquo;est pas tr\u00e8s \u00e9l\u00e9gant)<br \/>\n&#8211; cr\u00e9ation d&rsquo;une sidebar \u00ab\u00a0HomePage\u00a0\u00bb via le superbe syst\u00e8me de widgets de WP3, contenant : Alp&rsquo;Actu [Advanced Recent Posts Widget], phOtOs fOrtuitEs [NextGEN Widget], mOts dOux &#8211; mOts dUrs [Category Posts Widget]<br \/>\n&#8211; cr\u00e9ation dans la foul\u00e9e, d&rsquo;une sidebar \u00ab\u00a0Bottom\u00a0\u00bb, contenant : de vOus A nOus [Customized Recent Comments Widget], Ale&rsquo;Artices [Advanced Random Posts Widget], bikErs blOgs cOnnectiOns [Simple RSS Feeds Widget]<\/p>\n<p><em><strong>Tesigner Theme<\/strong><\/em> (16.12.2010 &#8211; v.4.03)<br \/>\n&#8211; recherche et essai d&rsquo;un plugin d&rsquo;effet \u00ab\u00a0lightbox\u00a0\u00bb compatible avec la jQuery javascript library du slideshow de la page d&rsquo;accueil g\u00e9r\u00e9 par Magic Tesigner.<br \/>\n&#8211; installation du plugin [Slimbox 2] jQuery compatible, pour l&rsquo;affichage des images de NextGEN Gallery.<\/p>\n<p><em><strong>Tesigner Theme<\/strong><\/em> (12.12.2010 &#8211; v.4.02)<br \/>\n&#8211; apr\u00e8s quelques recherches fastidieuses et h\u00e9sitantes, je tombe sous le charme des nuances de vert du th\u00e8me Magic Tesigner2.<\/p>\n<p><em><strong>DB Import and Purge<\/strong><\/em> (11.12.2010 &#8211; v.4.01)<br \/>\n&#8211; r\u00e9-importation facile de tous les articles dans la base de donn\u00e9es.<br \/>\n&#8211; r\u00e9installation du plugin NGG [NextGEN Gallery], un must en mati\u00e8re de gestion des m\u00e9dias sous WP.<br \/>\n&#8211; r\u00e9-imporation \u00e9galement des images et r\u00e9g\u00e9n\u00e9rations de vignettes adapt\u00e9es au nouveau format.<br \/>\n&#8211; les bases du nouveau site sont d\u00e9sormais recr\u00e9\u00e9es. Place maintentant \u00e0 sa configuration et \u00e0 son r\u00e9am\u00e9nagement.<\/p>\n<p><em><strong>PHP 5 &amp; MySQL 5<\/strong><\/em> (08.12.2010 &#8211; v.4.00)<br \/>\n&#8211; changement de solution d&rsquo;h\u00e9bergement oblige, il est temps de mettre \u00e0 la retraite la ronronnante WP 2.7x pour d\u00e9couvrir les prometteuses avanc\u00e9es de WP 3<br \/>\n&#8211; Worpress Cheers! R\u00e9installation sans histoire de la derni\u00e8re version disponible, la 3.03<\/p>\n<input class=\"fooboxshare_post_id\" type=\"hidden\" value=\"4412\"\/>","protected":false},"excerpt":{"rendered":"<p>Historique des mises \u00e0 jour du site (12.2010 &#8211; 12.2013) Historique de la version 1 Historique de la version 2 Historique de la version 3 Historique de la version 4 Historique de la version 5 Historique de la version 6 Historique de la version 7 &nbsp; &nbsp; Three Seven One (30.10.2013 &#8211; v.4.98) &#8211; small 3.7 WP update. Three Six (25.10.2013 &#8211; v.4.97) &#8211; mise \u00e0 jour sans souci vers WordPress 3.7 Three Six One (12.09.2013 &#8211; v.4.96) &#8211; first [&hellip;]<\/p>\n","protected":false},"author":2,"featured_media":0,"parent":261,"menu_order":0,"comment_status":"closed","ping_status":"closed","template":"","meta":{"footnotes":""},"class_list":["post-4412","page","type-page","status-publish","hentry"],"_links":{"self":[{"href":"https:\/\/alpavista.ch\/Alp11\/wp-json\/wp\/v2\/pages\/4412","targetHints":{"allow":["GET"]}}],"collection":[{"href":"https:\/\/alpavista.ch\/Alp11\/wp-json\/wp\/v2\/pages"}],"about":[{"href":"https:\/\/alpavista.ch\/Alp11\/wp-json\/wp\/v2\/types\/page"}],"author":[{"embeddable":true,"href":"https:\/\/alpavista.ch\/Alp11\/wp-json\/wp\/v2\/users\/2"}],"replies":[{"embeddable":true,"href":"https:\/\/alpavista.ch\/Alp11\/wp-json\/wp\/v2\/comments?post=4412"}],"version-history":[{"count":0,"href":"https:\/\/alpavista.ch\/Alp11\/wp-json\/wp\/v2\/pages\/4412\/revisions"}],"up":[{"embeddable":true,"href":"https:\/\/alpavista.ch\/Alp11\/wp-json\/wp\/v2\/pages\/261"}],"wp:attachment":[{"href":"https:\/\/alpavista.ch\/Alp11\/wp-json\/wp\/v2\/media?parent=4412"}],"curies":[{"name":"wp","href":"https:\/\/api.w.org\/{rel}","templated":true}]}}