{"id":6066,"date":"2016-08-15T09:50:22","date_gmt":"2016-08-15T08:50:22","guid":{"rendered":"http:\/\/www.alpavista.ch\/Alp11\/?page_id=6066"},"modified":"2020-12-25T01:28:32","modified_gmt":"2020-12-25T00:28:32","slug":"alpavista-version-6xx","status":"publish","type":"page","link":"https:\/\/alpavista.ch\/Alp11\/alpavista\/alpavista-version-6xx\/","title":{"rendered":"AlpAvistA version 6.xx"},"content":{"rendered":"<p><strong>Historique des mises \u00e0 jour du site<\/strong> (08.2016 &#8211; 12.2020)<\/p>\n<p><img decoding=\"async\" src=\"https:\/\/www.alpavista.ch\/Alp11\/wp-content\/uploads\/Images_Site\/vig_alpavista_6.jpg\" alt=\"Page d'accueil de la version 6\" align=\"right\" \/><br \/>\n<a href=\"https:\/\/www.alpavista.ch\/Alp11\/alpavista\/alpavista-version-1xx\/\">Historique de la version 1<\/a><br \/>\n<a href=\"https:\/\/www.alpavista.ch\/Alp11\/alpavista\/alpavista-version-2xx\/\">Historique de la version 2<\/a><br \/>\n<a href=\"https:\/\/www.alpavista.ch\/Alp11\/alpavista\/alpavista-version-3xx\/\">Historique de la version 3<\/a><br \/>\n<a href=\"https:\/\/www.alpavista.ch\/Alp11\/alpavista\/alpavista-version-4xx\/\">Historique de la version 4<\/a><br \/>\n<a href=\"https:\/\/www.alpavista.ch\/Alp11\/alpavista\/alpavista-version-5xx\/\">Historique de la version 5<\/a><br \/>\nHistorique de la version 6<br \/>\n<a href=\"https:\/\/www.alpavista.ch\/Alp11\/alpavista\/alpavista-version-7-xx\/\">Historique de la version 7<\/a><\/p>\n<p><em><strong>Simone<\/strong> <\/em>(09.12.2020 &#8211; v.6.90)<br \/>\n&#8211; Si elle ne faisait pas r\u00e9f\u00e9rence \u00e0 \u00ab\u00a0la grande Nina\u00a0\u00bb, j&rsquo;aurai envie de l&rsquo;appeler \u00ab\u00a0en voiture\u00a0\u00bb, cette sixi\u00e8me mise \u00e0 jour majeure de WP5, faussement annonc\u00e9e comme \u00ab\u00a0casse-sites\u00a0\u00bb, et qui s&rsquo;est, une fois encore, parfaitement bien d\u00e9roul\u00e9e.<\/p>\n<p><em><strong>Billy Eckstine &amp; TablePress<\/strong> <\/em>(11.08.2020 &#8211; v.6.80)<br \/>\n&#8211; Eckstine, une cinqui\u00e8me mise \u00e0 jour majeure de WP5 cens\u00e9e apporter vitesse, recherche et s\u00e9curit\u00e9.<br \/>\n&#8211; installation du plugin \u00ab\u00a0TablePress\u00a0\u00bb pour cr\u00e9er des tableau (enfin) dignes de ce nom.<\/p>\n<p><em><strong>Adderley<\/strong> <\/em>(07.04.2020 &#8211; v.6.71)<br \/>\n&#8211; The fourth major update for WP 5 is also the firstone of 2020 and, hopefully, the lastone confined&#8230;<\/p>\n<p><em><strong>Okla &amp; Corona<\/strong> <\/em>(19.03.2020 &#8211; v.6.7)<br \/>\n&#8211; Refonte compl\u00e8te de la Homepage, sur la base du th\u00e8me Okla (VBThemes), en mettant \u00e0 profit le break impos\u00e9 par Corona (Covid-19)<\/p>\n<p><em><strong>Kirk<\/strong> <\/em>(13.11.2019 &#8211; v.6.61)<br \/>\n&#8211; The third (and last?) major WP5 update for 2019 : No Souci, as usual !<\/p>\n<p><em><strong>Full Graphic Homepage<\/strong> <\/em>(15.08.2019 &#8211; v.6.60)<br \/>\n&#8211; cr\u00e9ation d&rsquo;une nouvelle page d&rsquo;accueil [Home19], enti\u00e8rement graphique(4 grids), \u00e0 l&rsquo;aide du Valenti Drag&amp;Drop Builder<br \/>\n&#8211; abandon du listing d&rsquo;articles de type \u00ab\u00a0blog\u00a0\u00bb<br \/>\n&#8211; suppression du qualificatif \u00ab\u00a0Express\u00a0\u00bb pour diff\u00e9rencier \u00ab\u00a0bike\u00a0\u00bb et \u00ab\u00a0E-bike\u00a0\u00bb, dans les titres d&rsquo;article.<\/p>\n<p><em><strong>Pro Evo<\/strong> <\/em>(27.05.2019 &#8211; v.6.54)<br \/>\n&#8211; remplacement du vieux plug-in \u00ab\u00a0Category Post Widget\u00a0\u00bb par le professionnel, mais payant \u00ab\u00a0Term and Category Based Posts Widget\u00a0\u00bb.<br \/>\n&#8211; pas \u00e0 pas, AlpA s&rsquo;affine et se professionnalise.<\/p>\n<p><em><strong>Jaco<\/strong> <\/em>(08.05.2019 &#8211; v.6.53)<br \/>\n&#8211; Another \u00ab\u00a0problemless\u00a0\u00bb major update for WP5 : Welcome home, Jaco !<\/p>\n<p><em><strong>Betty<\/strong> <\/em>(23.02.2019 &#8211; v.6.52)<br \/>\n&#8211; The first major update for WP 5 &amp; 2019. Cheers !<\/p>\n<p><em><strong>SSL &amp; PHP<\/strong> <\/em>(12.12.2018 &#8211; v.6.51)<br \/>\n&#8211; S\u00e9curisation des protocoles d&rsquo;\u00e9change en passant tout le site sous SSL gr\u00e2ce \u00e0 l&rsquo;excellent plug-in \u00ab\u00a0Really Simple SSL Pro\u00a0\u00bb<br \/>\n&#8211; Passage de l&rsquo;h\u00e9bergement web de PHP 7.0 \u00e0 7.3<\/p>\n<p><em><strong>Bebo<\/strong> <\/em>(08.12.2018 &#8211; v.6.50)<br \/>\n&#8211; Une seule mise \u00e0 jour en 2018, mais une grosse : WP 5.0 Bebo &amp; son \u00e9diteur Gutenberg<\/p>\n<p><em><strong>Billy Tipton<\/strong> <\/em>(16.11.2017 &#8211; v.6.20)<br \/>\n&#8211; The last jazzy major update for WP 4.<\/p>\n<p><em><strong>Fancy<\/strong> <\/em>(22.08.2017 &#8211; v.6.19)<br \/>\n&#8211; Apr\u00e8s quelques essais avec \u00ab\u00a0NextGen Gallery\u00a0\u00bb (free), maintien du v\u00e9n\u00e9rable plug-in \u00ab\u00a0NextCellent Gallery\u00a0\u00bb (m\u00eame sans support), coupl\u00e9 avec le sympathique \u00ab\u00a0Easy FancyBox\u00a0\u00bb pour g\u00e9rer les effets lightbox.<\/p>\n<p><em><strong>Evans<\/strong> <\/em>(14.06.2017 &#8211; v.6.18)<br \/>\n&#8211; Une major tr\u00e8s spanish, faite directement depuis la Costa Blanca<\/p>\n<p><em><strong>Valenti 5.5<\/strong> <\/em>(12.04.2017 &#8211; v.6.17)<br \/>\n&#8211; Mise \u00e0 jour du th\u00e8me Valenti 5.4 -&gt; 5.5<\/p>\n<p><em><strong>Sarah \u201cSassy\u201d<\/strong> <\/em>(07.12.2016 &#8211; v.6.16)<br \/>\n&#8211; Vaughan, a new jazzy major update for WP. December rocks.<\/p>\n<p><em><strong>Enfin un nouveau logo&#8230;<\/strong> <\/em>(07.11.2016 &#8211; v.6.15)<br \/>\n&#8211; suppression du bandeau \u00ab\u00a0Breaking News\u00a0\u00bb qui faisait double emploi avec la grille d&rsquo;actualit\u00e9s.<br \/>\n&#8211; cr\u00e9ation et mise en place d&rsquo;un nouveau logo, sobre, \u00e9l\u00e9gant et coh\u00e9rent avec l&rsquo;habillage du site.<br \/>\n&#8211; installation du plugin \u00ab\u00a0Perfect Pullquotes\u00a0\u00bb pour mettre en exergue certains passages des articles les plus longs. En particulier, ceux des \u00ab\u00a0Chroniques\u00a0\u00bb<br \/>\n&#8211; red\u00e9finition des options du menu principal (sous-menus Valenti, sous menus simples, etc&#8230;)<\/p>\n<p><em><strong>Yuzo VS Yarpp<\/strong> <\/em>(18.10.2016 &#8211; v.6.14)<br \/>\n&#8211; dans la \u00ab\u00a0guerre\u00a0\u00bb des \u00ab\u00a0Y\u00a0\u00bb pour le plug-in \u00ab\u00a0Related\u00a0\u00bb, c&rsquo;est finalement l&rsquo;ancien YARPP qui gagne. La pertinence des relations l&#8217;emporte sur la foison des options graphiques.<br \/>\n&#8211; s&rsquo;en suit un gros travail d&rsquo;int\u00e9gration de YARPP dans les fichiers du th\u00e8me (single.php &amp; function.php) et une profonde r\u00e9vision de son habillage (related.css).<\/p>\n<p><em><strong>Yuzo Related Integration<\/strong> <\/em>(24.09.2016 &#8211; v.6.13)<br \/>\n&#8211; insertion du \u00ab\u00a0short-code\u00a0\u00bb Yuzo-Related directement dans le template du fichier single.php pour afficher les articles connexes uniquement \u00e0 la fin du billet principal.<br \/>\n&lt; ?php echo do_shortcode( \u00ab\u00a0[yuzo_related]\u00a0\u00bb ); ?&gt;<\/p>\n<p><em><strong>Automatic for the people&#8230;<\/strong> <\/em>(08.09.2016 &#8211; v.6.12)<br \/>\n&#8211; mise \u00e0 jour mineure de la 4.6 \u00e0 la 4.6.1 sans m\u00eame que je m&rsquo;en occupe. De plus en plus fort WP. Bient\u00f4t, il va faire la vaisselle.<\/p>\n<p><em><strong>Fans Zone<\/strong> <\/em>(18.08.2016 &#8211; v.6.11)<br \/>\n&#8211; installation du superbe plugin \u00ab\u00a0SocialFans Counter Setting\u00a0\u00bb pour g\u00e9rer la Fans Zone du Middle Footer.<\/p>\n<p><em><strong>&#8230; relev\u00e9 d&rsquo;un soup\u00e7on de poivre.<\/strong> <\/em>(15.08.2016 &#8211; v.6.10)<br \/>\n&#8211; ao\u00fbt est vraiment une p\u00e9riode de \u00ab\u00a0Majors\u00a0\u00bb. Apr\u00e8s le nouvel habillage attendu depuis 3 ans, voil\u00e0 la new WP 4.6 \u00ab\u00a0Pepper\u00a0\u00bb<\/p>\n<p><em><strong>Des ar\u00f4mes de baies des bois, de cerises et de cassis&#8230;<\/strong> <\/em>(15.08.2016 &#8211; v.6.00)<br \/>\n&#8211; la sixi\u00e8me mouture d&rsquo;AlpAvistA s&rsquo;est enfin d\u00e9cid\u00e9e \u00e0 exister. Juste pour contrarier la triple 5 (5.55) qui ne verra ainsi jamais le jour ? En tout cas, au menu de cette \u00ab\u00a0major\u00a0\u00bb:<br \/>\n&#8211; passage au PHP 5.6<br \/>\n&#8211; grosse \u00e9puration des fonctions et des plugins<br \/>\n&#8211; rhabillage int\u00e9gral (bas\u00e9 sur le th\u00e8me \u00ab\u00a0Valenti\u00a0\u00bb) pour mieux utiliser et mettre en valeur les photos.<br \/>\n&#8211; recentrage graphique banissant les \u00ab\u00a0sidebars\u00a0\u00bb.<br \/>\n&#8211; adoption d&rsquo;une nouvelle couleur de base, le carmin. (forc\u00e9ment avec un grand mill\u00e9sime).<\/p>\n<input class=\"fooboxshare_post_id\" type=\"hidden\" value=\"6066\"\/>","protected":false},"excerpt":{"rendered":"<p>Historique des mises \u00e0 jour du site (08.2016 &#8211; 12.2020) Historique de la version 1 Historique de la version 2 Historique de la version 3 Historique de la version 4 Historique de la version 5 Historique de la version 6 Historique de la version 7 Simone (09.12.2020 &#8211; v.6.90) &#8211; Si elle ne faisait pas r\u00e9f\u00e9rence \u00e0 \u00ab\u00a0la grande Nina\u00a0\u00bb, j&rsquo;aurai envie de l&rsquo;appeler \u00ab\u00a0en voiture\u00a0\u00bb, cette sixi\u00e8me mise \u00e0 jour majeure de WP5, faussement annonc\u00e9e comme \u00ab\u00a0casse-sites\u00a0\u00bb, et qui [&hellip;]<\/p>\n","protected":false},"author":2,"featured_media":0,"parent":261,"menu_order":0,"comment_status":"closed","ping_status":"closed","template":"","meta":{"footnotes":""},"class_list":["post-6066","page","type-page","status-publish","hentry"],"_links":{"self":[{"href":"https:\/\/alpavista.ch\/Alp11\/wp-json\/wp\/v2\/pages\/6066","targetHints":{"allow":["GET"]}}],"collection":[{"href":"https:\/\/alpavista.ch\/Alp11\/wp-json\/wp\/v2\/pages"}],"about":[{"href":"https:\/\/alpavista.ch\/Alp11\/wp-json\/wp\/v2\/types\/page"}],"author":[{"embeddable":true,"href":"https:\/\/alpavista.ch\/Alp11\/wp-json\/wp\/v2\/users\/2"}],"replies":[{"embeddable":true,"href":"https:\/\/alpavista.ch\/Alp11\/wp-json\/wp\/v2\/comments?post=6066"}],"version-history":[{"count":0,"href":"https:\/\/alpavista.ch\/Alp11\/wp-json\/wp\/v2\/pages\/6066\/revisions"}],"up":[{"embeddable":true,"href":"https:\/\/alpavista.ch\/Alp11\/wp-json\/wp\/v2\/pages\/261"}],"wp:attachment":[{"href":"https:\/\/alpavista.ch\/Alp11\/wp-json\/wp\/v2\/media?parent=6066"}],"curies":[{"name":"wp","href":"https:\/\/api.w.org\/{rel}","templated":true}]}}